3237 = 0, -3824727 = -3*d + o - 771532. Is d a prime number?
False
Let i(b) = -12784*b - 665. Is i(-6) a composite number?
False
Suppose -5*a + 5*q + 773737 = -1425243, -5*q = 2*a - 879613. Is a composite?
False
Suppose -3*a + 57 = -18. Let m(t) = 13*t**2 + 8*t + 154. Is m(a) a prime number?
False
Let v = 26 - 35. Let m be ((-24)/v)/(2/3). Is (-106)/m*(2 - 4) a composite number?
False
Suppose -2*u = -6*u + 8. Let f(l) = 245*l - 2. Let t be f(u). Suppose g - 291 = t. Is g a prime number?
False
Let y(r) = -r**3 + 7*r**2 + 9*r + 9. Let n be y(8). Suppose 0 = -5*b + n + 13. Suppose b*f - 2606 = 1192. Is f prime?
False
Let y(h) = h**3 - 8*h**2 + 17*h + 16. Suppose -4*q + 210 + 138 = 0. Let x = q + -74. Is y(x) composite?
True
Let g = -4433 - -8120. Suppose 0*f + 3692 = 4*f + 4*q, q = 4*f - g. Is f composite?
True
Suppose 5600 = -24*h + 8*h. Let g = h - -403. Is g composite?
False
Let a be (0 - -1)*(20 + 2). Suppose 23*y = a*y + 103. Suppose o + 15 = 2*v + 46, -v = -3*o + y. Is o a prime number?
False
Suppose 4*b = -c + 87837 + 35678, c - 3*b = 123487. Is c a composite number?
False
Let b(f) = 27231*f - 2606. Is b(41) a prime number?
False
Let o = 157058 + -25737. Is o composite?
False
Is (8 + 1)*3168531/81 a composite number?
True
Let i = -3 + 7. Let w = 4924 + -4924. Suppose k + 3*d + w*d = 2921, 3*d - 11720 = -i*k. Is k composite?
True
Let m = 32958 + -11851. Suppose -m = -6*i + i + 3*r, -3*i - r = -12653. Is i prime?
True
Is (-4640864)/(-228) - 4/6 composite?
True
Let l be -3 + (-3)/3 - -7246*2. Is (2/(-1))/(l/2072 + -7) a composite number?
True
Let m = 33334 - -478657. Is m a prime number?
True
Suppose 9500 = 7*s - 5249. Suppose 4*n = s + 12301. Is n prime?
False
Let k be ((-140)/12)/(2 + 38/(-18)). Let g = k + -107. Let t(j) = -443*j + 3. Is t(g) prime?
False
Suppose 5*u = -3*p - 971, 14*u - 1291 = 4*p + 17*u. Suppose -2*f + 3*x = -1929, 1952 = 4*f - 5*x - 1909. Let t = p + f. Is t composite?
False
Let q be 4/1 + -8 + 0. Let h be (-3)/6*-2042 - q. Suppose -h - 312 = -7*l. Is l composite?
False
Let g be 3/((-2)/((-46040)/15)). Suppose 4*d - 1354 = -5*a + 4401, 2*d = 4*a - g. Is a composite?
False
Let h(b) = 9*b**2 + 274*b - 2305. Is h(-132) composite?
False
Suppose -z = 2*c - 89945, -5*c = -3*c - 4*z - 89930. Is c a prime number?
True
Let t = -8168 - -26649. Is t composite?
False
Let w(s) = -s**3 - 6*s**2 - 4*s + 7. Let z be w(-5). Suppose b = -4*r, -5*r = z*b + b. Is (121 + r)/((-8)/(-2) - 3) composite?
True
Let f be 4*(-1)/(-4) + 3159. Suppose q + 3*q = 12, 0 = -2*j + 5*q - 1373. Let b = f + j. Is b prime?
False
Let f(y) be the third derivative of -y**5/60 - y**4/12 - y**3/3 + 4*y**2. Let a be f(0). Is (-23)/(a/2) - 4 a composite number?
False
Let c(h) = -5*h**2 + 12*h + 8. Let k be c(3). Is ((-26510)/(-40) + 5)*(5 + k) composite?
False
Suppose s - 83849 = -2*q, -2*q + 122954 = 3*s - 128593. Is s composite?
True
Let w be ((-65891)/2)/((-19)/(-38)). Let g = -44544 - w. Is g prime?
True
Suppose 0 = -103*x + 93595745 + 20761962. Is x a prime number?
True
Is 24/12 + 0 + -6 + -17 + 221443 prime?
False
Let h(i) = 6*i**2 + 15*i + 1. Let a be h(-22). Let l = 4356 - a. Is l a composite number?
True
Let w = -223345 + 312758. Is w prime?
True
Is (12 - 83369/26)*-2 composite?
False
Suppose 5*f + 4*n - 2450865 = 0, -50*f + 49*f + 5*n = -490202. Is f a prime number?
False
Is 9/((-135)/2351370)*1/(-2) a prime number?
False
Suppose 10*u - 10939 - 751 = 0. Is u composite?
True
Suppose -c - 5 = 2*k, 17 = -k - 2*c + 7. Suppose -3*p + 6*p - v + 224 = k, -p + 2*v - 73 = 0. Let r = p + 366. Is r prime?
False
Suppose 3*u + 7*u - 27510 = 0. Suppose 5*b - 604 = u. Let o = 1293 - b. Is o prime?
False
Suppose 0 = -5*x - 2*v + 69369, 41629 = 3*x - 10*v + 15*v. Is x prime?
True
Suppose -20 = 5*d, 106*b - 105*b = -2*d + 23751. Is b a composite number?
True
Let p(j) = -131*j - 164. Let k be p(-18). Let t = k + -1187. Is t composite?
True
Let l(j) = -j**2 - 19*j - 2. Let u be l(-19). Suppose 4*v - 17 = -1. Is v + 110*3 - u/2 a composite number?
True
Suppose -12*n = -3*n - 4*n, 8190388 = 4*y - 4*n. Is y a composite number?
False
Let h(p) = 4*p**3 + 3*p - 2. Suppose -5*b - 2*m = -5, b - 5*m = -0*b + 1. Let d be h(b). Is (d*10/75)/((-1)/(-21)) prime?
False
Suppose -y = a + a - 25, -4*y = 5*a - 61. Suppose 0 = 19*q - a*q - 6. Let n(x) = 1978*x - 5. Is n(q) composite?
False
Suppose 19221407 = 199*f + 124*f. Is f a composite number?
False
Suppose -5269268 = 90*k - 20165258. Is k prime?
True
Suppose 275*s - 235*s - 927560 = 0. Is s a composite number?
False
Let f(b) = -4*b + 24*b**2 + 0*b + 0*b**3 - 26*b**3 + 2 + 11*b. Is f(-5) a composite number?
True
Let y(j) = j**2 + 18*j + 26. Let s be y(-17). Suppose 0 = s*v + 3257 + 1972. Let d = v + 879. Is d prime?
False
Suppose -5*u - 2*d = 8, -2*d = d + 12. Suppose u = 4*h - 4*t - 11332, 4*h - 7*t - 11332 = -2*t. Is h prime?
True
Let k(d) = 17*d**3 + 12*d**2 + 65*d - 1089. Is k(34) a prime number?
False
Let v(l) = 452*l**3 - 8*l**2 - 24*l - 5. Is v(12) a composite number?
True
Let n(v) be the third derivative of 41*v**4/24 + 83*v**3/6 - 8*v**2 - 1. Is n(8) prime?
False
Suppose 103*z - 3524178 = 4424641. Is z prime?
False
Let m = -365724 + 610261. Is m prime?
False
Let m(p) = 30*p**2 + 1 - 15*p - 11*p**2 - 39 - 6*p**2. Is m(-8) a prime number?
False
Suppose 0 = 5*r + 2*c - 256647, -5*r + 14*c = 19*c - 256650. Is r a composite number?
False
Let i(a) = -2 + 48*a**3 + 84*a**3 + 55*a**3 + 4*a + 44*a**3 - 3*a**2. Let j be i(1). Suppose -u - 85 = -j. Is u a composite number?
True
Suppose -3*v + 10 = -2. Suppose 2*s = 2*s + v*s. Suppose -4*r = m - 2*m - 4388, -4*m = s. Is r a prime number?
True
Suppose -20768 = -2*z - 4*g, 2*z - 2*g = 4148 + 16650. Suppose 41*b + z = 43*b. Is b composite?
False
Let v(t) = 5*t**2 + 16*t - 19. Let r(k) = -k**2 - k - 1. Let z(o) = 4*r(o) + v(o). Suppose 10*g + 66 + 84 = 0. Is z(g) a composite number?
True
Is 2 + (-1721367)/(-12) - 21/84 a prime number?
False
Let h(y) = -1996*y + 152. Let z be h(-8). Let s = 17 - 31. Is (-6)/14 - z/s composite?
False
Is 32/(-176) + (-39969995)/(-55) a prime number?
False
Let x(v) = 7*v**2 - 4*v - 9. Let u(t) = 2*t**3 - 5*t**2 - t - 4. Let m be u(3). Let o = -4 - m. Is x(o) a composite number?
True
Suppose -5*o + 25 = 0, 5*c + 2145 = 5*o + 11895. Let b = c + -298. Is b composite?
False
Suppose -8*p + 11*p = -12*p. Suppose u - 66 - 95 = p. Is u composite?
True
Let r be -5 - 13/(-3) - 185908/(-6). Suppose -132632 + r = -16*d. Is d a prime number?
True
Let v(a) = -a**3 - 7*a**2 - 8*a + 10. Let g be v(-5). Suppose 3*b - 3*o - 9942 = g, 9948 = 5*b + 3*o - 6614. Is b prime?
True
Let u(s) = s**3 - 2*s**2 - 36*s - 1. Let v be u(-5). Suppose 0 = 4*w - x - 6028, v*w = 7*w + x - 4521. Is w prime?
False
Suppose 4*d = 4*z - 8, -19 = 5*d + 2*z - 4*z. Is 14/(-35)*1 + (-42217)/d a prime number?
True
Let k(s) = 409*s + 322. Let w be k(-7). Let d = 4234 + w. Is d prime?
True
Suppose a + 8*a = 45. Let m be -3*(3/18)/(3/(-24)). Suppose -c + 1043 = -m*r, -85 + 2183 = 2*c - a*r. Is c a prime number?
False
Suppose -161*g + 90002 = -139*g. Is g prime?
True
Suppose 3*r - 7*r - 41 = 5*f, -f + 15 = -5*r. Let x be 28 + (-20)/25*f/(-1). Let g(d) = d**3 - 22*d**2 + 17*d + 14. Is g(x) a composite number?
True
Let b(n) = 31*n - 24. Let u(y) = 63*y - 49. Let s(v) = -13*b(v) + 6*u(v). Suppose 31*q - 154 = 45*q. Is s(q) composite?
False
Let b(d) = 1320*d**2 + 17*d + 41. Let h be 4/(3 - 110/30). Is b(h) prime?
True
Let m = -45 - -49. Suppose -4*z + z = -4*v + 2056, 0 = m*v + 5*z - 2056. Is v a composite number?
True
Let r be ((-20)/15)/((-2)/(-6)). Let g(z) = -140*z - 17. Let i(l) = -141*l - 18. Let x(p) = r*i(p) + 5*g(p). Is x(-5) composite?
True
Suppose -4*p - 1 = -5*p. Let l(a) = a + 115*a**2 + 4039*a**3 - 2 + 115*a**2 - 343*a**2 + 114*a**2. Is l(p) prime?
False
Is 4 - ((-5 - -12) + -5) - -104367 a prime number?
True
Suppose -47*i + 710017 = 5*b - 44*i, 0 = -b - 5*i + 142021. Is b prime?
False
Let z(u) = -2342*u**2 - 7*u - 8. Let b be z(-3). Let p = 30858 + b. Suppose 12*w - 5*w = p. Is w prime?
True
Suppose -857*l + 4*z + 406246 = -855*l, 5*l = z + 1015588. Is l composite?
False
Suppose 819884 = 2*y - b, 0 = y - 65*b + 61*b - 409963. Is y prime?
False
Suppose 574*w = 260*w + 34404038. Is w a composite number?
